ue
Is 99951 prime?
False
Is 24031 composite?
True
Is 1037 composite?
True
Is 137273 a prime number?
True
Is 23917 a prime number?
True
Is 19165 prime?
False
Is 352877 prime?
False
Is 5311 a composite number?
True
Is 1361 prime?
True
Is 58823 prime?
False
Is 1138 composite?
True
Is 69743 composite?
True
Is 11677 prime?
True
Is 30983 a prime number?
True
Is 2437 prime?
True
Is 62171 prime?
True
Is 4045 prime?
False
Is 210827 a prime number?
True
Is 1733 a prime number?
True
Is 962779 composite?
False
Is 3650483 prime?
True
Is 12679 composite?
True
Is 69835 a prime number?
False
Is 9091 a prime number?
True
Is 103449 composite?
True
Is 154561 a prime number?
False
Is 330469 prime?
True
Is 129335 prime?
False
Is 215617 a composite number?
False
Is 143615 a prime number?
False
Is 62581 a composite number?
False
Is 927289 a prime number?
False
Is 79031 composite?
False
Is 3271 a prime number?
True
Is 320935 composite?
True
Is 11759 a prime number?
False
Is 401753 composite?
True
Is 140009 a composite number?
False
Is 155065 a prime number?
False
Is 121097 a composite number?
True
Is 7771291 a prime number?
False
Is 71287 prime?
True
Is 5021 composite?
False
Is 1217033 composite?
False
Is 13523 a prime number?
True
Is 31219 a prime number?
True
Is 2911141 composite?
False
Is 55886 a prime number?
False
Is 39499 prime?
True
Is 2758783 a prime number?
False
Is 9863 prime?
False
Is 142651 a composite number?
True
Is 3991 a composite number?
True
Is 82067 composite?
False
Is 78123 composite?
True
Is 630229 composite?
False
Is 5519 a composite number?
False
Is 74797 composite?
False
Is 1069 prime?
True
Is 120469 composite?
True
Is 129521 prime?
False
Is 1262 prime?
False
Is 18667 a composite number?
True
Is 142619 composite?
False
Is 49431 a prime number?
False
Is 21001 a prime number?
True
Is 25727 a composite number?
True
Is 26153 composite?
False
Is 8999 a prime number?
True
Is 378839 composite?
True
Is 56981 a prime number?
False
Is 67994 prime?
False
Is 20873 prime?
True
Is 11057 composite?
False
Is 28961 composite?
False
Is 376973 composite?
True
Is 68455 a composite number?
True
Is 783931 prime?
True
Is 7534 prime?
False
Is 84913 a prime number?
True
Is 6483 a prime number?
False
Is 1575869 composite?
False
Is 2227 prime?
False
Is 28463 composite?
False
Is 78107 composite?
True
Is 2100403 a prime number?
True
Is 501493 a composite number?
False
Is 1094857 composite?
True
Is 28829 a composite number?
True
Is 3207 prime?
False
Is 988199 prime?
True
Is 127 a prime number?
True
Is 8779 a prime number?
True
Is 31757 a prime number?
False
Is 783689 a composite number?
False
Is 14141 prime?
False
Is 38113 composite?
False
Is 887443 a composite number?
True
Is 3739 a composite number?
False
Is 157627 a prime number?
True
Is 31177 a prime number?
True
Is 8403 composite?
True
Is 144295 composite?
True
Is 166737 a composite number?
True
Is 10007 a composite number?
False
Is 300137 a prime number?
True
Is 203807 a prime number?
True
Is 16301 composite?
False
Is 10939 composite?
False
Is 29398 prime?
False
Is 468961 a prime number?
False
Is 3161 composite?
True
Is 285083 a prime number?
False
Is 577691 a composite number?
True
Is 388787 composite?
True
Is 979 a prime number?
False
Is 21251 a prime number?
False
Is 81329 a prime number?
False
Is 527341 prime?
False
Is 32093 composite?
True
Is 35614 a prime number?
False
Is 14563 a prime number?
True
Is 157 a composite number?
False
Is 515881 a composite number?
True
Is 30701 prime?
False
Is 169583 a composite number?
False
Is 41491 a prime number?
True
Is 108061 composite?
False
Is 81583 a prime number?
False
Is 75479 composite?
False
Is 872798 a prime number?
False
Is 6711 a composite number?
True
Is 2966089 a prime number?
False
Is 323333 a composite number?
False
Is 703942 a composite number?
True
Is 398303 a prime number?
True
Is 1901 a prime number?
True
Is 26801 a prime number?
True
Is 69197 prime?
True
Is 4111 prime?
True
Is 69373 a composite number?
True
Is 1831 a prime number?
True
Is 1559 composite?
False
Is 2857 a composite number?
False
Is 201237 composite?
True
Is 843 a composite number?
True
Is 106823 a prime number?
True
Is 43379 a prime number?
False
Is 24317 a composite number?
False
Is 3983 a composite number?
True
Is 8939 a composite number?
True
Is 8311 a prime number?
True
Is 16723 composite?
True
Is 1411 prime?
False
Is 1981 a composite number?
True
Is 288413 a prime number?
True
Is 27177 composite?
True
Is 13318 prime?
False
Is 79817 a composite number?
False
Is 235159 composite?
False
Is 5585 a prime number?
False
Is 14471657 a prime number?
True
Is 139801 a prime number?
True
Is 268473 prime?
False
Is 3883 composite?
True
Is 190721 composite?
True
Is 118403 a composite number?
True
Is 335609 a composite number?
False
Is 57595 a prime number?
False
Is 394337 a composite number?
True
Is 251309 composite?
True
Is 76147 a prime number?
True
Is 32897 prime?
False
Is 20201 a prime number?
True
Is 16919 prime?
False
Is 101599 prime?
True
Is 282991 a composite number?
False
Is 1579393 a composite number?
True
Is 134153 a composite number?
False
Is 103217 a composite number?
False
Is 203 a prime number?
False
Is 643619 a composite number?
False
Is 771553 a prime number?
True
Is 748477 prime?
False
Is 13669 a prime number?
True
Is 12439 a composite number?
True
Is 1371 a prime number?
False
Is 1841 composite?
True
Is 1915 a composite number?
True
Is 158 a composite number?
True
Is 23303 composite?
True
Is 9469 a composite number?
True
Is 328805 prime?
False
Is 261553 a composite number?
True
Is 67033 prime?
True
Is 551 composite?
True
Is 799 a composite number?
True
Is 8219 composite?
False
Is 38899 prime?
False
Is 178531 a prime number?
True
Is 114407 a composite number?
False
Is 8795 a prime number?
False
Is 2145973 a composite number?
True
Is 17522 composite?
True
Is 28606 a prime number?
False
Is 52289 a prime number?
True
Is 574391 prime?
False
Is 8119 composite?
True
Is 77897 a prime number?
False
Is 11335 prime?
False
Is 55553 a composite number?
True
Is 42331 a prime number?
True
Is 154369 a composite number?
False
Is 16033 a composite number?
False
Is 117641 a composite number?
True
Is 4279 a prime number?
False
Is 44873 a prime number?
False
Is 1361 a prime number?
True
Is 58817 composite?
True
Is 10399 a prime number?
True
Is 2551 a prime number?
True
Is 778771 composite?
True
Is 21767 a prime number?
True
Is 39917 prime?
False
Is 553 a composite number?
True
Is 2455 a composite number?
True
Is 4561 a prime number?
True
Is 1095481 a prime number?
True
Is 29447 prime?
False
Is 367357 a prime number?
True
Is 602949 prime?
False
Is 507743 a prime number?
True
Is 106823 prime?
True
Is 712757 composite?
True
Is 107603 prime?
True
Is 2579 a composite number?
False
Is 11441 prime?
False
Is 285179 a prime number?
True
Is 5923 prime?
True
Is 3227129 composite?
False
Is 79801 a composite number?
False
Is 874597 a prime number?
True
Is 77969 a prime number?
True
Is 1801 prime?
True
Is 239021 a composite number?
True
Is 89413 composite?
False
Is 211 composite?
False
Is 12353 a prime number?
False
Is 11027 a composite number?
False
Is 3433 prime?
True
Is 11519 a composite number?
False
Is 248711 prime?
False
Is 301651 composite?
True
Is 42505 a prime number?
False
Is 1747 prime?
True
Is 4123319 a prime number?
True
Is 156781 prime?
True
Is 5989 a prime number?
False
Is 27899 composite?
True
Is 89363 prime?
True
Is 573341 a composite number?
False
Is 1399 prime?
True
Is 97637 composite?
True
Is 12457 composite?
False
Is 1187 a composite number?
False
Is 117361 composite?
False
Is 102643 a prime number?
True
Is 2631 composite?
True
Is 17221 prime?
False
Is 3587 prime?
False
Is 160309 composite?
False
Is 3453 a prime number?
False
Is 44537 prime?
True
Is 355751 composite?
True
Is 1651 a composite number?
True
Is 38579 prime?
False
Is 2899 composite?
True
Is 14501 a prime number?
False
Is 862163 prime?
False
Is 587729 prime?
False
Is 348559 composite?
False
Is 110377 a prime number?
False
Is 5773 prime?
False
Is 2892399 composite?
True
Is 1353973 a composite number?
False
Is 58657 prime?
True
Is 176659 a prime number?
False
Is 4703 prime?
True
Is 4417 a prime number?
False
Is 386882 composite?
True